{"id":7154,"date":"2021-06-24T14:36:25","date_gmt":"2021-06-24T12:36:25","guid":{"rendered":"https:\/\/awsolutions.fr\/blog\/?page_id=7154"},"modified":"2023-12-13T11:25:04","modified_gmt":"2023-12-13T10:25:04","slug":"fournisseurs-tarifs","status":"publish","type":"page","link":"https:\/\/awsolutions.fr\/blog\/fournisseurs-tarifs\/","title":{"rendered":"Tarifs"},"content":{"rendered":"<p><div class=\"fusion-fullwidth fullwidth-box fusion-builder-row-1 fusion-flex-container nonhundred-percent-fullwidth non-hundred-percent-height-scrolling\" style=\"--awb-border-radius-top-left:0px;--awb-border-radius-top-right:0px;--awb-border-radius-bottom-right:0px;--awb-border-radius-bottom-left:0px;\" ><div class=\"fusion-builder-row fusion-row fusion-flex-align-items-flex-start\" style=\"max-width:1248px;margin-left: calc(-4% \/ 2 );margin-right: calc(-4% \/ 2 );\"><div class=\"fusion-layout-column fusion_builder_column fusion-builder-column-0 fusion_builder_column_1_1 1_1 fusion-flex-column\" style=\"--awb-bg-size:cover;--awb-width-large:100%;--awb-margin-top-large:100px;--awb-spacing-right-large:1.92%;--awb-margin-bottom-large:104px;--awb-spacing-left-large:1.92%;--awb-width-medium:100%;--awb-order-medium:0;--awb-spacing-right-medium:1.92%;--awb-spacing-left-medium:1.92%;--awb-width-small:100%;--awb-order-small:0;--awb-spacing-right-small:1.92%;--awb-spacing-left-small:1.92%;\"><div class=\"fusion-column-wrapper fusion-column-has-shadow fusion-flex-justify-content-center fusion-content-layout-column\"><div class=\"fusion-title title fusion-title-1 fusion-title-center fusion-title-text fusion-title-size-one\" style=\"--awb-margin-top:0px;--awb-margin-bottom:0px;\"><div class=\"title-sep-container title-sep-container-left\"><div class=\"title-sep sep-double sep-solid\" style=\"border-color:#e2e2e2;\"><\/div><\/div><span class=\"awb-title-spacer\"><\/span><h1 class=\"title-heading-center\" style=\"margin:0;\"><h2 style=\"text-align: center;\">Notre offre<\/h2><\/h1><span class=\"awb-title-spacer\"><\/span><div class=\"title-sep-container title-sep-container-right\"><div class=\"title-sep sep-double sep-solid\" style=\"border-color:#e2e2e2;\"><\/div><\/div><\/div><div class=\"fusion-text fusion-text-1\"><div class=\"boxed\">\n<div id=\"lipsum\">\n<div class=\"fusion-text fusion-text-16\">\n<p style=\"text-align: center;\">Pour accompagner le d\u00e9veloppement commercial de votre entreprise, plusieurs niveaux d\u2019abonnements permettent de r\u00e9pondre \u00e0 chacun de vos besoins en mati\u00e8re de prospection des acheteurs publics, d&rsquo;analyse des march\u00e9s et de participation aux actions de sourcing de la commande publique.<\/p>\n<\/div>\n<\/div>\n<\/div>\n<\/div><\/div><\/div><div class=\"fusion-layout-column fusion_builder_column fusion-builder-column-1 fusion_builder_column_1_1 1_1 fusion-flex-column\" style=\"--awb-bg-size:cover;--awb-width-large:100%;--awb-margin-top-large:0px;--awb-spacing-right-large:1.92%;--awb-margin-bottom-large:20px;--awb-spacing-left-large:1.92%;--awb-width-medium:100%;--awb-order-medium:0;--awb-spacing-right-medium:1.92%;--awb-spacing-left-medium:1.92%;--awb-width-small:100%;--awb-order-small:0;--awb-spacing-right-small:1.92%;--awb-spacing-left-small:1.92%;\"><div class=\"fusion-column-wrapper fusion-column-has-shadow fusion-flex-justify-content-flex-start fusion-content-layout-column\"><style type='text\/css'>\n\t\t\t\t.pricing-table-1 .panel-container, .pricing-table-1 .standout .panel-container,\n\t\t\t\t.pricing-table-1.full-boxed-pricing {background-color:#f2f3f5;}\n\t\t\t\t.pricing-table-1 .list-group .list-group-item,\n\t\t\t\t.pricing-table-1 .list-group .list-group-item:last-child{background-color:#ffffff; border-color:#e2e2e2;}\n\t\t\t\t.pricing-table-1.full-boxed-pricing .panel-wrapper:hover .panel-heading,\n\t\t\t\t.pricing-table-1 .panel-wrapper:hover .list-group-item {background-color:var(--awb-color2);}\n\t\t\t\t.pricing-table-1.full-boxed-pricing .panel-heading{background-color:#ffffff;}\n\t\t\t\t.pricing-table-1 .fusion-panel, .pricing-table-1 .panel-wrapper:last-child .fusion-panel,\n\t\t\t\t.pricing-table-1 .standout .fusion-panel, .pricing-table-1  .panel-heading,\n\t\t\t\t.pricing-table-1 .panel-body, .pricing-table-1 .panel-footer{border-color:#e2e2e2;}\n\t\t\t\t.pricing-table-1 .panel-body,.pricing-table-1 .panel-footer{background-color:#f2f3f5;}\n\t\t\t\t.pricing-table-1.sep-boxed-pricing .panel-heading h3{color:#212934;}\n\t\t\t\t.pricing-table-1.full-boxed-pricing.fusion-pricing-table .panel-heading h3{color:#212934;}\n\t\t\t\t.pricing-table-1.fusion-pricing-table .panel-body .price .decimal-part{color:#76c168;}\n\t\t\t\t.pricing-table-1.fusion-pricing-table .panel-body .price .integer-part{color:#76c168;}\n\t\t\t\t.pricing-table-1 ul.list-group li{color:#4a4e57;}\n\t\t\t\t<\/style><div class=\"fusion-pricing-table pricing-table-1 sep-boxed-pricing row fusion-columns-3 columns-3 fusion-clearfix princing_table\"><div class=\"panel-wrapper fusion-column column col-lg-4 col-md-4 col-sm-4 fusion-pricingtable-column\"><div class=\"panel-container\"><div class=\"fusion-panel\"><div class=\"panel-heading\"><h3 class=\"title-row\">GRATUIT<\/h3><\/div><div class=\"panel-body pricing-row\"><div class=\"price \"><span class=\"integer-part\">0 <\/span><span class=\"currency pos-right price-without-decimal\">\u20ac<\/span><span class=\"time pos-right price-without-decimal\">HT\/an<\/span><\/div><\/div><ul class=\"list-group\"><li class=\"list-group-item normal-row\">Veille et alertes sur les Appels d&#x27;Offres<\/li><li class=\"list-group-item normal-row\">R\u00e9ponse aux Appels d&#x27;Offres<\/li><li class=\"list-group-item normal-row\">Suivi de ma correspondance<\/li><li class=\"list-group-item normal-row\">Gestion de mes attestations<\/li><li class=\"list-group-item normal-row\">Cr\u00e9ation et gestion de mes DUMEs<\/li><li class=\"list-group-item normal-row\">Acc\u00e8s \u00e0 la base des march\u00e9s attribu\u00e9s<\/li><li class=\"list-group-item normal-row\">Consultation et r\u00e9ponse aux demandes d\u2019informations des acheteurs (RFI)<\/li><li class=\"list-group-item normal-row\">Consultation des pr\u00e9visions d\u2019achat des acheteurs publics<\/li><li class=\"list-group-item normal-row\">Prospection d\u2019acheteurs publics<\/li><\/ul><div class=\"panel-footer footer-row\"><a href=\"https:\/\/awsolutions.fr\/apr\/inscription\" target=\"blank\" rel=\"noopener noreferrer\">Cr\u00e9er un compte<\/a><\/div><\/div><\/div><\/div><div class=\"panel-wrapper fusion-column column col-lg-4 col-md-4 col-sm-4 standout fusion-pricingtable-column\"><div class=\"panel-container\"><div class=\"fusion-panel\"><div class=\"panel-heading\"><h3 class=\"title-row\">PRO<\/h3><\/div><div class=\"panel-body pricing-row\"><div class=\"price \"><span class=\"integer-part\">936 <\/span><span class=\"currency pos-right price-without-decimal\">\u20ac<\/span><span class=\"time pos-right price-without-decimal\">HT\/an*<\/span><\/div><\/div><ul class=\"list-group\"><li class=\"list-group-item normal-row\">Veille et alertes sur les Appels d&#x27;Offres<\/li><li class=\"list-group-item normal-row\">R\u00e9ponse aux Appels d&#x27;Offres<\/li><li class=\"list-group-item normal-row\">Suivi de ma correspondance<\/li><li class=\"list-group-item normal-row\">Gestion de mes attestations<\/li><li class=\"list-group-item normal-row\">Cr\u00e9ation et gestion de mes DUMEs<\/li><li class=\"list-group-item normal-row\">Acc\u00e8s \u00e0 la base des march\u00e9s attribu\u00e9s<\/li><li class=\"list-group-item normal-row\">Consultation et r\u00e9ponse aux demandes d\u2019informations des acheteurs (RFI)<\/li><li class=\"list-group-item normal-row\">Consultation des pr\u00e9visions d\u2019achat des acheteurs publics<\/li><li class=\"list-group-item normal-row\">Prospection d\u2019acheteurs publics<\/li><li class=\"list-group-item normal-row\">Mise en relation avec les acheteurs publics<\/li><li class=\"list-group-item normal-row\">Notification sur les visites de votre page entreprise<\/li><li class=\"list-group-item normal-row\">Salons de discussions entre acheteurs<\/li><li class=\"list-group-item normal-row\">Accompagnement au param\u00e9trage du compte<\/li><\/ul><div class=\"panel-footer footer-row\"><a href=\"\/auth\/realms\/selenee\/protocol\/openid-connect\/auth?client_id=selenee-web&#038;redirect_uri=https%3A%2F%2Fawsolutions.fr%2Fblog%2Fproduit%2Fachat-sourcing-pro%2F&#038;response_mode=fragment&#038;response_type=code&#038;scope=openid\" target=\"blank\" rel=\"noopener noreferrer\">Souscrire<\/a><\/div><\/div><\/div><\/div><div class=\"panel-wrapper fusion-column column col-lg-4 col-md-4 col-sm-4 fusion-pricingtable-column\"><div class=\"panel-container\"><div class=\"fusion-panel\"><div class=\"panel-heading\"><h3 class=\"title-row\">EXPERT<\/h3><\/div><div class=\"panel-body pricing-row\"><div class=\"price \"><span class=\"integer-part\">1656 <\/span><span class=\"currency pos-right price-without-decimal\">\u20ac<\/span><span class=\"time pos-right price-without-decimal\">HT\/an**<\/span><\/div><\/div><ul class=\"list-group\"><li class=\"list-group-item normal-row\">Veille et alertes sur les Appels d&#x27;Offres<\/li><li class=\"list-group-item normal-row\">R\u00e9ponse aux Appels d&#x27;Offres<\/li><li class=\"list-group-item normal-row\">Suivi de ma correspondance<\/li><li class=\"list-group-item normal-row\">Gestion de mes attestations<\/li><li class=\"list-group-item normal-row\">Cr\u00e9ation et gestion de mes DUMEs<\/li><li class=\"list-group-item normal-row\">Acc\u00e8s \u00e0 la base des march\u00e9s attribu\u00e9s<\/li><li class=\"list-group-item normal-row\">Consultation et r\u00e9ponse aux demandes d\u2019informations des acheteurs (RFI)<\/li><li class=\"list-group-item normal-row\">Consultation des pr\u00e9visions d\u2019achat des acheteurs publics<\/li><li class=\"list-group-item normal-row\">Prospection d\u2019acheteurs publics<\/li><li class=\"list-group-item normal-row\">Mise en relation avec les acheteurs publics<\/li><li class=\"list-group-item normal-row\">Notification sur les visites de votre page entreprise<\/li><li class=\"list-group-item normal-row\">Salons de discussions entre acheteurs<\/li><li class=\"list-group-item normal-row\">Accompagnement au param\u00e9trage du compte<\/li><li class=\"list-group-item normal-row\">Certification du compte<\/li><li class=\"list-group-item normal-row\">Supervision du compte<\/li><li class=\"list-group-item normal-row\">Possibilit\u00e9 d\u2019exports de donn\u00e9es<\/li><li class=\"list-group-item normal-row\">Tableau de bord reprenant l\u2019activit\u00e9 de votre compte<\/li><\/ul><div class=\"panel-footer footer-row\"><a href=\"\/auth\/realms\/selenee\/protocol\/openid-connect\/auth?client_id=selenee-web&amp;redirect_uri=https%3A%2F%2Fawsolutions.fr%2Fblog%2Fproduit%2Fachat-sourcing-expert-pour-tpe-pme%2F&amp;response_mode=fragment&amp;response_type=code&amp;scope=openid\" target=\"blank\" rel=\"noopener noreferrer\">Souscrire<\/a><\/div><\/div><\/div><\/div><\/div><div class=\"fusion-text fusion-text-2\"><div class=\"boxed\">\n<div id=\"lipsum\">\n<div class=\"fusion-text fusion-text-16\">\n<div class=\"fusion-text fusion-text-17\">\n<p><em>* Tarif par ann\u00e9e pour 1 utilisateur (+360\u20ac HT\/an par utilisateur suppl\u00e9mentaire)<br \/>** Tarif pour 1 utilisateur, \u00e0 partir de 1 656\u20ac HT par an pour une TPE ou PME, 3 468 \u20ac HT par an pour une ETI ou GE. (+360\u20ac HT\/an par utilisateur suppl\u00e9mentaire)<br \/>\nOption Dataviz disponible avec l&rsquo;abonnement Expert, <a href=\"https:\/\/awsolutions.fr\/blog\/fournisseurs-contact\/\">tarif sur demande.<\/a><br \/>\n<\/em><\/p>\n<\/div>\n<\/div>\n<\/div>\n<\/div>\n<\/div><\/div><\/div><\/div><\/div><div class=\"fusion-fullwidth fullwidth-box fusion-builder-row-2 fusion-flex-container nonhundred-percent-fullwidth non-hundred-percent-height-scrolling\" style=\"--awb-border-radius-top-left:0px;--awb-border-radius-top-right:0px;--awb-border-radius-bottom-right:0px;--awb-border-radius-bottom-left:0px;--awb-padding-top:50px;--awb-background-color:#1d242d;\" ><div class=\"fusion-builder-row fusion-row fusion-flex-align-items-flex-start fusion-flex-justify-content-space-evenly\" style=\"max-width:1248px;margin-left: calc(-4% \/ 2 );margin-right: calc(-4% \/ 2 );\"><div class=\"fusion-layout-column fusion_builder_column fusion-builder-column-2 fusion_builder_column_1_3 1_3 fusion-flex-column\" style=\"--awb-bg-size:cover;--awb-width-large:33.333333333333%;--awb-margin-top-large:0px;--awb-spacing-right-large:5.76%;--awb-margin-bottom-large:20px;--awb-spacing-left-large:5.76%;--awb-width-medium:33.333333333333%;--awb-order-medium:0;--awb-spacing-right-medium:5.76%;--awb-spacing-left-medium:5.76%;--awb-width-small:100%;--awb-order-small:0;--awb-spacing-right-small:1.92%;--awb-spacing-left-small:1.92%;\"><div class=\"fusion-column-wrapper fusion-column-has-shadow fusion-flex-justify-content-flex-start fusion-content-layout-column\"><div class=\"fusion-image-element \" style=\"--awb-max-width:300px;--awb-caption-title-size:var(--h2_typography-font-size);--awb-caption-title-transform:var(--h2_typography-text-transform);--awb-caption-title-line-height:var(--h2_typography-line-height);--awb-caption-title-letter-spacing:var(--h2_typography-letter-spacing);\"><span class=\" fusion-imageframe imageframe-none imageframe-1 hover-type-none\"><img decoding=\"async\" width=\"1755\" height=\"1241\" title=\"AW Solutions_Valise de Logo_Logo_Orange_Bloc_Negatif\" src=\"https:\/\/awsolutions.fr\/blog\/wp-content\/uploads\/2021\/06\/AW-Solutions_Valise-de-Logo_Logo_Orange_Bloc_Negatif.png\" alt class=\"img-responsive wp-image-7237\" srcset=\"https:\/\/awsolutions.fr\/blog\/wp-content\/uploads\/2021\/06\/AW-Solutions_Valise-de-Logo_Logo_Orange_Bloc_Negatif-200x141.png 200w, https:\/\/awsolutions.fr\/blog\/wp-content\/uploads\/2021\/06\/AW-Solutions_Valise-de-Logo_Logo_Orange_Bloc_Negatif-400x283.png 400w, https:\/\/awsolutions.fr\/blog\/wp-content\/uploads\/2021\/06\/AW-Solutions_Valise-de-Logo_Logo_Orange_Bloc_Negatif-600x424.png 600w, https:\/\/awsolutions.fr\/blog\/wp-content\/uploads\/2021\/06\/AW-Solutions_Valise-de-Logo_Logo_Orange_Bloc_Negatif-800x566.png 800w, https:\/\/awsolutions.fr\/blog\/wp-content\/uploads\/2021\/06\/AW-Solutions_Valise-de-Logo_Logo_Orange_Bloc_Negatif-1200x849.png 1200w, https:\/\/awsolutions.fr\/blog\/wp-content\/uploads\/2021\/06\/AW-Solutions_Valise-de-Logo_Logo_Orange_Bloc_Negatif.png 1755w\" sizes=\"(max-width: 640px) 100vw, 400px\" \/><\/span><\/div><\/div><\/div><div class=\"fusion-layout-column fusion_builder_column fusion-builder-column-3 fusion_builder_column_1_3 1_3 fusion-flex-column\" style=\"--awb-bg-size:cover;--awb-width-large:33.333333333333%;--awb-margin-top-large:0px;--awb-spacing-right-large:5.76%;--awb-margin-bottom-large:20px;--awb-spacing-left-large:5.76%;--awb-width-medium:33.333333333333%;--awb-order-medium:0;--awb-spacing-right-medium:5.76%;--awb-spacing-left-medium:5.76%;--awb-width-small:100%;--awb-order-small:0;--awb-spacing-right-small:1.92%;--awb-spacing-left-small:1.92%;\"><div class=\"fusion-column-wrapper fusion-column-has-shadow fusion-flex-justify-content-flex-start fusion-content-layout-column\"><div class=\"fusion-title title fusion-title-2 fusion-title-text fusion-title-size-four\" style=\"--awb-text-color:#ffffff;--awb-margin-bottom:28px;--awb-font-size:20px;\"><div class=\"title-sep-container title-sep-container-left fusion-no-large-visibility fusion-no-medium-visibility fusion-no-small-visibility\"><div class=\"title-sep sep-double sep-solid\" style=\"border-color:#e2e2e2;\"><\/div><\/div><span class=\"awb-title-spacer fusion-no-large-visibility fusion-no-medium-visibility fusion-no-small-visibility\"><\/span><h4 class=\"title-heading-left\" style=\"font-family:&quot;Fira Sans&quot;;font-style:normal;font-weight:600;margin:0;font-size:1em;line-height:1.32;\"><a href=\"https:\/\/awsolutions.fr\/blog\/fournisseurs-contact\/\">DEMANDEZ UNE DEMO<\/a><\/h4><span class=\"awb-title-spacer\"><\/span><div class=\"title-sep-container title-sep-container-right\"><div class=\"title-sep sep-double sep-solid\" style=\"border-color:#e2e2e2;\"><\/div><\/div><\/div><div class=\"fusion-text fusion-text-3\" style=\"--awb-font-size:16px;--awb-line-height:1.8;--awb-text-color:#ffffff;--awb-text-font-family:&quot;Fira Sans&quot;;\"><div class=\"textwidget\">\n<div class=\"textwidget\">\n<p>Parc Eurom\u00e9decine II<br \/>\n560 rue Louis Pasteur<br \/>\n34790 Grabels<\/p>\n<\/div>\n<\/div>\n<\/div><\/div><\/div><div class=\"fusion-layout-column fusion_builder_column fusion-builder-column-4 fusion_builder_column_1_3 1_3 fusion-flex-column\" style=\"--awb-bg-size:cover;--awb-width-large:33.333333333333%;--awb-margin-top-large:0px;--awb-spacing-right-large:5.76%;--awb-margin-bottom-large:20px;--awb-spacing-left-large:5.76%;--awb-width-medium:33.333333333333%;--awb-order-medium:0;--awb-spacing-right-medium:5.76%;--awb-spacing-left-medium:5.76%;--awb-width-small:100%;--awb-order-small:0;--awb-spacing-right-small:1.92%;--awb-spacing-left-small:1.92%;\"><div class=\"fusion-column-wrapper fusion-column-has-shadow fusion-flex-justify-content-flex-start fusion-content-layout-column\"><div class=\"fusion-title title fusion-title-3 fusion-title-text fusion-title-size-four\" style=\"--awb-text-color:#ffffff;--awb-margin-bottom:28px;--awb-font-size:20px;\"><div class=\"title-sep-container title-sep-container-left fusion-no-large-visibility fusion-no-medium-visibility fusion-no-small-visibility\"><div class=\"title-sep sep-double sep-solid\" style=\"border-color:#e2e2e2;\"><\/div><\/div><span class=\"awb-title-spacer fusion-no-large-visibility fusion-no-medium-visibility fusion-no-small-visibility\"><\/span><h4 class=\"title-heading-left\" style=\"font-family:&quot;Fira Sans&quot;;font-style:normal;font-weight:600;margin:0;font-size:1em;line-height:1.32;\">ARTICLES LES + LUS<\/h4><span class=\"awb-title-spacer\"><\/span><div class=\"title-sep-container title-sep-container-right\"><div class=\"title-sep sep-double sep-solid\" style=\"border-color:#e2e2e2;\"><\/div><\/div><\/div><div class=\"fusion-text fusion-text-4\" style=\"--awb-font-size:16px;--awb-text-color:#ffffff;--awb-text-font-family:&quot;Fira Sans&quot;;\"><p><a class=\"footer-link\" href=\"https:\/\/awsolutions.fr\/blog\/6-les-5-raisons-de-faire-du-sourcing\/\">5 raisons de faire du sourcing<\/a><br \/>\n<a class=\"footer-link\" href=\"https:\/\/awsolutions.fr\/blog\/2-sourcing-fournisseurs-et-marche-captif\/\">Sourcing fournisseur et march\u00e9 captif<\/a><br \/>\n<a class=\"footer-link\" href=\"https:\/\/awsolutions.fr\/blog\/8-lart-de-la-negociation\/\">L\u2019art de la n\u00e9gociation<\/a><\/p>\n<\/div><div class=\"fusion-title title fusion-title-4 fusion-title-text fusion-title-size-four\" style=\"--awb-text-color:#ffffff;--awb-margin-bottom:28px;--awb-font-size:20px;\"><div class=\"title-sep-container title-sep-container-left fusion-no-large-visibility fusion-no-medium-visibility fusion-no-small-visibility\"><div class=\"title-sep sep-double sep-solid\" style=\"border-color:#e2e2e2;\"><\/div><\/div><span class=\"awb-title-spacer fusion-no-large-visibility fusion-no-medium-visibility fusion-no-small-visibility\"><\/span><h4 class=\"title-heading-left\" style=\"font-family:&quot;Fira Sans&quot;;font-style:normal;font-weight:600;margin:0;font-size:1em;line-height:1.32;\">SUIVEZ-NOUS<\/h4><span class=\"awb-title-spacer\"><\/span><div class=\"title-sep-container title-sep-container-right\"><div class=\"title-sep sep-double sep-solid\" style=\"border-color:#e2e2e2;\"><\/div><\/div><\/div><div class=\"fusion-social-links fusion-social-links-1\" style=\"--awb-margin-top:0px;--awb-margin-right:0px;--awb-margin-bottom:0px;--awb-margin-left:0px;--awb-box-border-top:0px;--awb-box-border-right:0px;--awb-box-border-bottom:0px;--awb-box-border-left:0px;--awb-icon-colors-hover:rgba(158,160,164,0.8);--awb-box-colors-hover:rgba(242,243,245,0.8);--awb-box-border-color:var(--awb-color3);--awb-box-border-color-hover:var(--awb-color4);\"><div class=\"fusion-social-networks color-type-custom\"><div class=\"fusion-social-networks-wrapper\"><a class=\"fusion-social-network-icon fusion-tooltip fusion-facebook awb-icon-facebook\" style=\"color:#9ea0a4;font-size:16px;\" data-placement=\"top\" data-title=\"Facebook\" data-toggle=\"tooltip\" title=\"Facebook\" aria-label=\"facebook\" target=\"_blank\" rel=\"noopener noreferrer\" href=\"https:\/\/www.facebook.com\/Achat-Solutions-1212517665455330\/\"><\/a><a class=\"fusion-social-network-icon fusion-tooltip fusion-twitter awb-icon-twitter\" style=\"color:#9ea0a4;font-size:16px;\" data-placement=\"top\" data-title=\"Twitter\" data-toggle=\"tooltip\" title=\"Twitter\" aria-label=\"twitter\" target=\"_blank\" rel=\"noopener noreferrer\" href=\"https:\/\/twitter.com\/AchatSolutions\"><\/a><a class=\"fusion-social-network-icon fusion-tooltip fusion-linkedin awb-icon-linkedin\" style=\"color:#9ea0a4;font-size:16px;\" data-placement=\"top\" data-title=\"LinkedIn\" data-toggle=\"tooltip\" title=\"LinkedIn\" aria-label=\"linkedin\" target=\"_blank\" rel=\"noopener noreferrer\" href=\"https:\/\/www.linkedin.com\/company\/ach-t-solutions\/\"><\/a><\/div><\/div><\/div><\/div><\/div><\/div><\/div>\n<\/p>\n","protected":false},"excerpt":{"rendered":"","protected":false},"author":3,"featured_media":0,"parent":0,"menu_order":0,"comment_status":"closed","ping_status":"closed","template":"100-width.php","meta":{"footnotes":""},"categories":[112],"tags":[],"class_list":["post-7154","page","type-page","status-publish","hentry","category-fournisseurs"],"yoast_head":"<!-- This site is optimized with the Yoast SEO plugin v20.1 - https:\/\/yoast.com\/wordpress\/plugins\/seo\/ -->\n<title>Tarifs - AWSolutions<\/title>\n<meta name=\"robots\" content=\"index, follow, max-snippet:-1, max-image-preview:large, max-video-preview:-1\" \/>\n<link rel=\"canonical\" href=\"https:\/\/awsolutions.fr\/blog\/fournisseurs-tarifs\/\" \/>\n<meta property=\"og:locale\" content=\"fr_FR\" \/>\n<meta property=\"og:type\" content=\"article\" \/>\n<meta property=\"og:title\" content=\"Tarifs - AWSolutions\" \/>\n<meta property=\"og:url\" content=\"https:\/\/awsolutions.fr\/blog\/fournisseurs-tarifs\/\" \/>\n<meta property=\"og:site_name\" content=\"AWSolutions\" \/>\n<meta property=\"article:modified_time\" content=\"2023-12-13T10:25:04+00:00\" \/>\n<meta name=\"twitter:card\" content=\"summary_large_image\" \/>\n<meta name=\"twitter:label1\" content=\"Dur\u00e9e de lecture estim\u00e9e\" \/>\n\t<meta name=\"twitter:data1\" content=\"6 minutes\" \/>\n<script type=\"application\/ld+json\" class=\"yoast-schema-graph\">{\"@context\":\"https:\/\/schema.org\",\"@graph\":[{\"@type\":\"WebPage\",\"@id\":\"https:\/\/awsolutions.fr\/blog\/fournisseurs-tarifs\/\",\"url\":\"https:\/\/awsolutions.fr\/blog\/fournisseurs-tarifs\/\",\"name\":\"Tarifs - AWSolutions\",\"isPartOf\":{\"@id\":\"https:\/\/awsolutions.fr\/blog\/#website\"},\"datePublished\":\"2021-06-24T12:36:25+00:00\",\"dateModified\":\"2023-12-13T10:25:04+00:00\",\"breadcrumb\":{\"@id\":\"https:\/\/awsolutions.fr\/blog\/fournisseurs-tarifs\/#breadcrumb\"},\"inLanguage\":\"fr-FR\",\"potentialAction\":[{\"@type\":\"ReadAction\",\"target\":[\"https:\/\/awsolutions.fr\/blog\/fournisseurs-tarifs\/\"]}]},{\"@type\":\"BreadcrumbList\",\"@id\":\"https:\/\/awsolutions.fr\/blog\/fournisseurs-tarifs\/#breadcrumb\",\"itemListElement\":[{\"@type\":\"ListItem\",\"position\":1,\"name\":\"Accueil\",\"item\":\"https:\/\/awsolutions.fr\/blog\/\"},{\"@type\":\"ListItem\",\"position\":2,\"name\":\"Tarifs\"}]},{\"@type\":\"WebSite\",\"@id\":\"https:\/\/awsolutions.fr\/blog\/#website\",\"url\":\"https:\/\/awsolutions.fr\/blog\/\",\"name\":\"AWSolutions\",\"description\":\"\",\"potentialAction\":[{\"@type\":\"SearchAction\",\"target\":{\"@type\":\"EntryPoint\",\"urlTemplate\":\"https:\/\/awsolutions.fr\/blog\/?s={search_term_string}\"},\"query-input\":\"required name=search_term_string\"}],\"inLanguage\":\"fr-FR\"}]}<\/script>\n<!-- \/ Yoast SEO plugin. -->","yoast_head_json":{"title":"Tarifs - AWSolutions","robots":{"index":"index","follow":"follow","max-snippet":"max-snippet:-1","max-image-preview":"max-image-preview:large","max-video-preview":"max-video-preview:-1"},"canonical":"https:\/\/awsolutions.fr\/blog\/fournisseurs-tarifs\/","og_locale":"fr_FR","og_type":"article","og_title":"Tarifs - AWSolutions","og_url":"https:\/\/awsolutions.fr\/blog\/fournisseurs-tarifs\/","og_site_name":"AWSolutions","article_modified_time":"2023-12-13T10:25:04+00:00","twitter_card":"summary_large_image","twitter_misc":{"Dur\u00e9e de lecture estim\u00e9e":"6 minutes"},"schema":{"@context":"https:\/\/schema.org","@graph":[{"@type":"WebPage","@id":"https:\/\/awsolutions.fr\/blog\/fournisseurs-tarifs\/","url":"https:\/\/awsolutions.fr\/blog\/fournisseurs-tarifs\/","name":"Tarifs - AWSolutions","isPartOf":{"@id":"https:\/\/awsolutions.fr\/blog\/#website"},"datePublished":"2021-06-24T12:36:25+00:00","dateModified":"2023-12-13T10:25:04+00:00","breadcrumb":{"@id":"https:\/\/awsolutions.fr\/blog\/fournisseurs-tarifs\/#breadcrumb"},"inLanguage":"fr-FR","potentialAction":[{"@type":"ReadAction","target":["https:\/\/awsolutions.fr\/blog\/fournisseurs-tarifs\/"]}]},{"@type":"BreadcrumbList","@id":"https:\/\/awsolutions.fr\/blog\/fournisseurs-tarifs\/#breadcrumb","itemListElement":[{"@type":"ListItem","position":1,"name":"Accueil","item":"https:\/\/awsolutions.fr\/blog\/"},{"@type":"ListItem","position":2,"name":"Tarifs"}]},{"@type":"WebSite","@id":"https:\/\/awsolutions.fr\/blog\/#website","url":"https:\/\/awsolutions.fr\/blog\/","name":"AWSolutions","description":"","potentialAction":[{"@type":"SearchAction","target":{"@type":"EntryPoint","urlTemplate":"https:\/\/awsolutions.fr\/blog\/?s={search_term_string}"},"query-input":"required name=search_term_string"}],"inLanguage":"fr-FR"}]}},"_links":{"self":[{"href":"https:\/\/awsolutions.fr\/blog\/wp-json\/wp\/v2\/pages\/7154","targetHints":{"allow":["GET"]}}],"collection":[{"href":"https:\/\/awsolutions.fr\/blog\/wp-json\/wp\/v2\/pages"}],"about":[{"href":"https:\/\/awsolutions.fr\/blog\/wp-json\/wp\/v2\/types\/page"}],"author":[{"embeddable":true,"href":"https:\/\/awsolutions.fr\/blog\/wp-json\/wp\/v2\/users\/3"}],"replies":[{"embeddable":true,"href":"https:\/\/awsolutions.fr\/blog\/wp-json\/wp\/v2\/comments?post=7154"}],"version-history":[{"count":29,"href":"https:\/\/awsolutions.fr\/blog\/wp-json\/wp\/v2\/pages\/7154\/revisions"}],"predecessor-version":[{"id":109539,"href":"https:\/\/awsolutions.fr\/blog\/wp-json\/wp\/v2\/pages\/7154\/revisions\/109539"}],"wp:attachment":[{"href":"https:\/\/awsolutions.fr\/blog\/wp-json\/wp\/v2\/media?parent=7154"}],"wp:term":[{"taxonomy":"category","embeddable":true,"href":"https:\/\/awsolutions.fr\/blog\/wp-json\/wp\/v2\/categories?post=7154"},{"taxonomy":"post_tag","embeddable":true,"href":"https:\/\/awsolutions.fr\/blog\/wp-json\/wp\/v2\/tags?post=7154"}],"curies":[{"name":"wp","href":"https:\/\/api.w.org\/{rel}","templated":true}]}}