{"id":5745,"date":"2020-12-18T10:41:36","date_gmt":"2020-12-18T09:41:36","guid":{"rendered":"https:\/\/awsolutions.fr\/blog\/?post_type=product&#038;p=5745"},"modified":"2023-12-13T11:50:06","modified_gmt":"2023-12-13T10:50:06","slug":"abonnement-sourcing-supplementaire","status":"publish","type":"product","link":"https:\/\/awsolutions.fr\/blog\/produit\/abonnement-sourcing-supplementaire\/","title":{"rendered":"Abonnement sourcing Utilisateurs suppl\u00e9mentaires"},"content":{"rendered":"<h2><strong>Multipliez la force de prospection <\/strong><strong>de votre entreprise vers l<\/strong><strong>es acheteurs publics gr\u00e2ce \u00e0 l&rsquo;offre multi-utilisateurs<br \/>\n<\/strong><\/h2>\n<p>Ajoutez au panier autant d&rsquo;utilisateurs suppl\u00e9mentaires que n\u00e9cessaire.<br \/>\nFonctionne pour toutes les offres d&rsquo;abonnement aux fonctions sourcing d&rsquo;AW Solutions et donne acc\u00e8s aux utilisateurs suppl\u00e9mentaires \u00e0 l&rsquo;ensemble des fonctionnalit\u00e9s souscrites pour l&rsquo;utilisateur principal.<\/p>\n<p>Pr\u00e9-requis : disposer d&rsquo;un abonnement principal \u00e0 l&rsquo;offre Sourcing PRO ou Sourcing EXPERT.<\/p>\n<p>Abonnement valable 12 mois et renouvelable par tacite reconduction.<br \/>\nUn utilisateur = une adresse mail de connexion diff\u00e9renci\u00e9e.<\/p>\n<p>&nbsp;<\/p>\n<p>&nbsp;<\/p>\n","protected":false},"excerpt":{"rendered":"<h4>Souscription d&rsquo;abonnements* suppl\u00e9mentaires<\/h4>\n<p>Ajoutez au panier le nombre d&rsquo;acc\u00e8s suppl\u00e9mentaires souhait\u00e9.<br \/>\nFonctionne pour toutes les offres d&rsquo;abonnement aux fonctions sourcing d&rsquo;AW Solutions et donne acc\u00e8s aux m\u00eames fonctionnalit\u00e9s que l&rsquo;utilisateur principal.<\/p>\n<p>*Abonnement valable 12 mois et renouvelable par tacite reconduction.<\/p>\n","protected":false},"featured_media":8030,"template":"","meta":[],"product_cat":[99],"product_tag":[],"class_list":["post-5745","product","type-product","status-publish","has-post-thumbnail","hentry","product_cat-abonnement-entreprises"],"yoast_head":"<!-- This site is optimized with the Yoast SEO plugin v20.1 - https:\/\/yoast.com\/wordpress\/plugins\/seo\/ -->\n<title>Multipliez la force de prospection de votre entreprise<\/title>\n<meta name=\"description\" content=\"Optimisez votre prospection du Secteur Public avec S\u00e9l\u00e9n\u00e9e : 1er outil d&#039;E-sourcing d\u00e9di\u00e9 \u00e0 la mise en relation avec les acheteurs publics.\" \/>\n<meta name=\"robots\" content=\"index, follow, max-snippet:-1, max-image-preview:large, max-video-preview:-1\" \/>\n<link rel=\"canonical\" href=\"https:\/\/awsolutions.fr\/blog\/produit\/abonnement-sourcing-supplementaire\/\" \/>\n<meta property=\"og:locale\" content=\"fr_FR\" \/>\n<meta property=\"og:type\" content=\"article\" \/>\n<meta property=\"og:title\" content=\"Multipliez la force de prospection de votre entreprise\" \/>\n<meta property=\"og:description\" content=\"Optimisez votre prospection du Secteur Public avec S\u00e9l\u00e9n\u00e9e : 1er outil d&#039;E-sourcing d\u00e9di\u00e9 \u00e0 la mise en relation avec les acheteurs publics.\" \/>\n<meta property=\"og:url\" content=\"https:\/\/awsolutions.fr\/blog\/produit\/abonnement-sourcing-supplementaire\/\" \/>\n<meta property=\"og:site_name\" content=\"AWSolutions\" \/>\n<meta property=\"article:modified_time\" content=\"2023-12-13T10:50:06+00:00\" \/>\n<meta property=\"og:image\" content=\"https:\/\/awsolutions.fr\/blog\/wp-content\/uploads\/2020\/12\/Abonnement-Sourcing-utilisateur-supp.png\" \/>\n\t<meta property=\"og:image:width\" content=\"395\" \/>\n\t<meta property=\"og:image:height\" content=\"201\" \/>\n\t<meta property=\"og:image:type\" content=\"image\/png\" \/>\n<meta name=\"twitter:card\" content=\"summary_large_image\" \/>\n<meta name=\"twitter:label1\" content=\"Dur\u00e9e de lecture estim\u00e9e\" \/>\n\t<meta name=\"twitter:data1\" content=\"1 minute\" \/>\n<script type=\"application\/ld+json\" class=\"yoast-schema-graph\">{\"@context\":\"https:\/\/schema.org\",\"@graph\":[{\"@type\":\"WebPage\",\"@id\":\"https:\/\/awsolutions.fr\/blog\/produit\/abonnement-sourcing-supplementaire\/\",\"url\":\"https:\/\/awsolutions.fr\/blog\/produit\/abonnement-sourcing-supplementaire\/\",\"name\":\"Multipliez la force de prospection de votre entreprise\",\"isPartOf\":{\"@id\":\"https:\/\/awsolutions.fr\/blog\/#website\"},\"datePublished\":\"2020-12-18T09:41:36+00:00\",\"dateModified\":\"2023-12-13T10:50:06+00:00\",\"description\":\"Optimisez votre prospection du Secteur Public avec S\u00e9l\u00e9n\u00e9e : 1er outil d'E-sourcing d\u00e9di\u00e9 \u00e0 la mise en relation avec les acheteurs publics.\",\"breadcrumb\":{\"@id\":\"https:\/\/awsolutions.fr\/blog\/produit\/abonnement-sourcing-supplementaire\/#breadcrumb\"},\"inLanguage\":\"fr-FR\",\"potentialAction\":[{\"@type\":\"ReadAction\",\"target\":[\"https:\/\/awsolutions.fr\/blog\/produit\/abonnement-sourcing-supplementaire\/\"]}]},{\"@type\":\"BreadcrumbList\",\"@id\":\"https:\/\/awsolutions.fr\/blog\/produit\/abonnement-sourcing-supplementaire\/#breadcrumb\",\"itemListElement\":[{\"@type\":\"ListItem\",\"position\":1,\"name\":\"Accueil\",\"item\":\"https:\/\/awsolutions.fr\/blog\/\"},{\"@type\":\"ListItem\",\"position\":2,\"name\":\"Boutique\",\"item\":\"https:\/\/awsolutions.fr\/blog\/boutique\/\"},{\"@type\":\"ListItem\",\"position\":3,\"name\":\"Abonnement sourcing Utilisateurs suppl\u00e9mentaires\"}]},{\"@type\":\"WebSite\",\"@id\":\"https:\/\/awsolutions.fr\/blog\/#website\",\"url\":\"https:\/\/awsolutions.fr\/blog\/\",\"name\":\"AWSolutions\",\"description\":\"\",\"potentialAction\":[{\"@type\":\"SearchAction\",\"target\":{\"@type\":\"EntryPoint\",\"urlTemplate\":\"https:\/\/awsolutions.fr\/blog\/?s={search_term_string}\"},\"query-input\":\"required name=search_term_string\"}],\"inLanguage\":\"fr-FR\"}]}<\/script>\n<!-- \/ Yoast SEO plugin. -->","yoast_head_json":{"title":"Multipliez la force de prospection de votre entreprise","description":"Optimisez votre prospection du Secteur Public avec S\u00e9l\u00e9n\u00e9e : 1er outil d'E-sourcing d\u00e9di\u00e9 \u00e0 la mise en relation avec les acheteurs publics.","robots":{"index":"index","follow":"follow","max-snippet":"max-snippet:-1","max-image-preview":"max-image-preview:large","max-video-preview":"max-video-preview:-1"},"canonical":"https:\/\/awsolutions.fr\/blog\/produit\/abonnement-sourcing-supplementaire\/","og_locale":"fr_FR","og_type":"article","og_title":"Multipliez la force de prospection de votre entreprise","og_description":"Optimisez votre prospection du Secteur Public avec S\u00e9l\u00e9n\u00e9e : 1er outil d'E-sourcing d\u00e9di\u00e9 \u00e0 la mise en relation avec les acheteurs publics.","og_url":"https:\/\/awsolutions.fr\/blog\/produit\/abonnement-sourcing-supplementaire\/","og_site_name":"AWSolutions","article_modified_time":"2023-12-13T10:50:06+00:00","og_image":[{"width":395,"height":201,"url":"https:\/\/awsolutions.fr\/blog\/wp-content\/uploads\/2020\/12\/Abonnement-Sourcing-utilisateur-supp.png","type":"image\/png"}],"twitter_card":"summary_large_image","twitter_misc":{"Dur\u00e9e de lecture estim\u00e9e":"1 minute"},"schema":{"@context":"https:\/\/schema.org","@graph":[{"@type":"WebPage","@id":"https:\/\/awsolutions.fr\/blog\/produit\/abonnement-sourcing-supplementaire\/","url":"https:\/\/awsolutions.fr\/blog\/produit\/abonnement-sourcing-supplementaire\/","name":"Multipliez la force de prospection de votre entreprise","isPartOf":{"@id":"https:\/\/awsolutions.fr\/blog\/#website"},"datePublished":"2020-12-18T09:41:36+00:00","dateModified":"2023-12-13T10:50:06+00:00","description":"Optimisez votre prospection du Secteur Public avec S\u00e9l\u00e9n\u00e9e : 1er outil d'E-sourcing d\u00e9di\u00e9 \u00e0 la mise en relation avec les acheteurs publics.","breadcrumb":{"@id":"https:\/\/awsolutions.fr\/blog\/produit\/abonnement-sourcing-supplementaire\/#breadcrumb"},"inLanguage":"fr-FR","potentialAction":[{"@type":"ReadAction","target":["https:\/\/awsolutions.fr\/blog\/produit\/abonnement-sourcing-supplementaire\/"]}]},{"@type":"BreadcrumbList","@id":"https:\/\/awsolutions.fr\/blog\/produit\/abonnement-sourcing-supplementaire\/#breadcrumb","itemListElement":[{"@type":"ListItem","position":1,"name":"Accueil","item":"https:\/\/awsolutions.fr\/blog\/"},{"@type":"ListItem","position":2,"name":"Boutique","item":"https:\/\/awsolutions.fr\/blog\/boutique\/"},{"@type":"ListItem","position":3,"name":"Abonnement sourcing Utilisateurs suppl\u00e9mentaires"}]},{"@type":"WebSite","@id":"https:\/\/awsolutions.fr\/blog\/#website","url":"https:\/\/awsolutions.fr\/blog\/","name":"AWSolutions","description":"","potentialAction":[{"@type":"SearchAction","target":{"@type":"EntryPoint","urlTemplate":"https:\/\/awsolutions.fr\/blog\/?s={search_term_string}"},"query-input":"required name=search_term_string"}],"inLanguage":"fr-FR"}]}},"_links":{"self":[{"href":"https:\/\/awsolutions.fr\/blog\/wp-json\/wp\/v2\/product\/5745","targetHints":{"allow":["GET"]}}],"collection":[{"href":"https:\/\/awsolutions.fr\/blog\/wp-json\/wp\/v2\/product"}],"about":[{"href":"https:\/\/awsolutions.fr\/blog\/wp-json\/wp\/v2\/types\/product"}],"wp:featuredmedia":[{"embeddable":true,"href":"https:\/\/awsolutions.fr\/blog\/wp-json\/wp\/v2\/media\/8030"}],"wp:attachment":[{"href":"https:\/\/awsolutions.fr\/blog\/wp-json\/wp\/v2\/media?parent=5745"}],"wp:term":[{"taxonomy":"product_cat","embeddable":true,"href":"https:\/\/awsolutions.fr\/blog\/wp-json\/wp\/v2\/product_cat?post=5745"},{"taxonomy":"product_tag","embeddable":true,"href":"https:\/\/awsolutions.fr\/blog\/wp-json\/wp\/v2\/product_tag?post=5745"}],"curies":[{"name":"wp","href":"https:\/\/api.w.org\/{rel}","templated":true}]}}